der when 1550 is divided by 16?
14
What is the remainder when 30722 is divided by 22?
10
What is the remainder when 169 is divided by 61?
47
Calculate the remainder when 69 is divided by 56.
13
Calculate the remainder when 887 is divided by 5.
2
What is the remainder when 130 is divided by 27?
22
Calculate the remainder when 129 is divided by 72.
57
What is the remainder when 635 is divided by 117?
50
What is the remainder when 1084 is divided by 100?
84
Calculate the remainder when 243 is divided by 35.
33
What is the remainder when 6763 is divided by 15?
13
Calculate the remainder when 639 is divided by 2.
1
What is the remainder when 90 is divided by 40?
10
Calculate the remainder when 588 is divided by 148.
144
What is the remainder when 645 is divided by 108?
105
Calculate the remainder when 134 is divided by 36.
26
Calculate the remainder when 30 is divided by 20.
10
What is the remainder when 273 is divided by 25?
23
Calculate the remainder when 163 is divided by 22.
9
What is the remainder when 148 is divided by 48?
4
Calculate the remainder when 464 is divided by 3.
2
Calculate the remainder when 4799 is divided by 98.
95
What is the remainder when 960 is divided by 31?
30
Calculate the remainder when 277 is divided by 23.
1
What is the remainder when 223 is divided by 42?
13
What is the remainder when 1662 is divided by 37?
34
What is the remainder when 466 is divided by 11?
4
What is the remainder when 895 is divided by 5?
0
What is the remainder when 10328 is divided by 9?
5
What is the remainder when 1081 is divided by 138?
115
What is the remainder when 726 is divided by 722?
4
Calculate the remainder when 50650 is divided by 6.
4
What is the remainder when 150 is divided by 11?
7
What is the remainder when 1195 is divided by 19?
17
Calculate the remainder when 205 is divided by 63.
16
What is the remainder when 338 is divided by 87?
77
Calculate the remainder when 13480 is divided by 9.
7
What is the remainder when 105 is divided by 28?
21
Calculate the remainder when 201 is divided by 114.
87
Calculate the remainder when 2770 is divided by 17.
16
Calculate the remainder when 43 is divided by 5.
3
Calculate the remainder when 2104 is divided by 80.
24
What is the remainder when 305 is divided by 77?
74
Calculate the remainder when 275 is divided by 58.
43
What is the remainder when 32 is divided by 11?
10
What is the remainder when 34 is divided by 5?
4
Calculate the remainder when 201 is divided by 36.
21
What is the remainder when 3896 is divided by 1298?
2
What is the remainder when 9383 is divided by 149?
145
What is the remainder when 2347 is divided by 468?
7
What is the remainder when 22796 is divided by 19?
15
Calculate the remainder when 75 is divided by 57.
18
Calculate the remainder when 2775 is divided by 2768.
7
What is the remainder when 527 is divided by 76?
71
What is the remainder when 30 is divided by 24?
6
Calculate the remainder when 29229 is divided by 87.
84
Calculate the remainder when 433 is divided by 31.
30
What is the remainder when 559 is divided by 35?
34
Calculate the remainder when 31 is divided by 4.
3
What is the remainder when 827 is divided by 26?
21
Calculate the remainder when 40671 is divided by 164.
163
What is the remainder when 97 is divided by 93?
4
What is the remainder when 3876 is divided by 3870?
6
What is the remainder when 98 is divided by 69?
29
Calculate the remainder when 19 is divided by 7.
5
What is the remainder when 180 is divided by 13?
11
Calculate the remainder when 2023 is divided by 168.
7
What is the remainder when 563 is divided by 34?
19
Calculate the remainder when 584 is divided by 37.
29
What is the remainder when 543 is divided by 78?
75
What is the remainder when 250 is divided by 35?
5
What is the remainder when 1501 is divided by 137?
131
Calculate the remainder when 204 is divided by 23.
20
What is the remainder when 10244 is divided by 61?
57
Calculate the remainder when 365 is divided by 174.
17
Calculate the remainder when 407 is divided by 74.
37
Calculate the remainder when 147 is divided by 16.
3
What is the remainder when 771 is divided by 48?
3
What is the remainder when 4145 is divided by 9?
5
Calculate the remainder when 1716 is divided by 82.
76
What is the remainder when 2802 is divided by 33?
30
Calculate the remainder when 312 is divided by 45.
42
What is the remainder when 4476 is divided by 204?
192
Calculate the remainder when 13570 is divided by 7.
4
What is the remainder when 1100 is divided by 27?
20
What is the remainder when 4135 is divided by 464?
423
Calculate the remainder when 203 is divided by 108.
95
Calculate the remainder when 7019 is divided by 260.
259
Calculate the remainder when 78 is divided by 63.
15
Calculate the remainder when 297 is divided by 109.
79
Calculate the remainder when 3099 is divided by 20.
19
What is the remainder when 480 is divided by 222?
36
Calculate the remainder when 99 is divided by 20.
19
Calculate the remainder when 299 is divided by 43.
41
Calculate the remainder when 50 is divided by 33.
17
What is the remainder when 334 is divided by 12?
10
Calculate the remainder when 467 is divided by 36.
35
What is the remainder when 26 is divided by 13?
0
What is the remainder when 887 is divided by 222?
221
What is the remainder when 286 is divided by 6?
4
Calculate the remainder when 1010 is divided by 46.
44
Calculate the remainder when 101 is divided by 53.
48
What is the remainder when 1367 is divided by 24?
23
Calculate the remainder when 235 is divided by 226.
9
Calculate the remainder when 7391 is divided by 11.
10
What is the remainder when 167 is divided by 60?
47
Calculate the remainder when 28 is divided by 15.
13
Calculate the remainder when 1697 is divided by 34.
31
What is the remainder when 127 is divided by 26?
23
What is the remainder when 96 is divided by 59?
37
Calculate the remainder when 503 is divided by 498.
5
What is the remainder when 1957 is divided by 388?
17
What is the remainder when 4655 is divided by 97?
96
What is the remainder when 34 is divided by 14?
6
What is the remainder when 122 is divided by 72?
50
Calculate the remainder when 38588 is divided by 85.
83
Calculate the remainder when 1676 is divided by 56.
52
What is the remainder when 36 is divided by 34?
2
What is the remainder when 223 is divided by 83?
57
Calculate the remainder when 439 is divided by 10.
9
What is the remainder when 1197 is divided by 60?
57
What is the remainder when 2527 is divided by 280?
7
What is the remainder when 395 is divided by 84?
59
What is the remainder when 1512 is divided by 17?
16
What is the remainder when 126 is divided by 16?
14
What is the remainder when 2980 is divided by 115?
105
Calculate the remainder when 5918 is divided by 349.
334
What is the remainder when 189 is divided by 10?
9
Calculate the remainder when 30 is divided by 13.
4
What is the remainder when 209 is divided by 53?
50
What is the remainder when 353 is divided by 161?
31
Calculate the remainder when 12859 is divided by 16.
11
Calculate the remainder when 2986 is divided by 6.
4
Calculate the remainder when 1104 is divided by 27.
24
What is the remainder when 373 is divided by 47?
44
Calculate the remainder when 303 is divided by 8.
7
Calculate the remainder when 511 is divided by 74.
67
What is the remainder when 194 is divided by 22?
18
Calculate the remainder when 4282 is divided by 18.
16
Calculate the remainder when 87 is divided by 18.
15
Calculate the remainder when 316 is divided by 37.
20
What is the remainder when 1455 is divided by 91?
90
What is the remainder when 585 is divided by 21?
18
Calculate the remainder when 3780 is divided by 172.
168
What is the remainder when 299 is divided by 75?
74
What is the remainder when 162 is divided by 51?
9
Calculate the remainder when 2685 is divided by 24.
21
What is the remainder when 38 is divided by 21?
17
Calculate the remainder when 435 is divided by 34.
27
Calculate the remainder when 63 is divided by 21.
0
Calculate the remainder when 274 is divided by 55.
54
What is the remainder when 141 is divided by 40?
21
What is the remainder when 54 is divided by 26?
2
Calculate the remainder when 658 is divided by 24.
10
Calculate the remainder when 965 i